{"id":762,"date":"2018-10-25T12:39:32","date_gmt":"2018-10-25T12:39:32","guid":{"rendered":"http:\/\/dolcino.mikado-themes.com\/?page_id=762"},"modified":"2023-08-03T17:32:24","modified_gmt":"2023-08-03T14:32:24","slug":"cake-store","status":"publish","type":"page","link":"https:\/\/cafearigato.com\/","title":{"rendered":"Arigato"},"content":{"rendered":"<p>[vc_row css=&#8221;.vc_custom_1540814392692{padding-top: 25px !important;padding-bottom: 35px !important;}&#8221;][vc_column][rev_slider_vc alias=&#8221;cake-store&#8221; enable_paspartu=&#8221;no&#8221;][\/vc_column][\/vc_row][vc_row gap=&#8221;30&#8243; equal_height=&#8221;yes&#8221; content_placement=&#8221;middle&#8221; content_text_aligment=&#8221;center&#8221; css=&#8221;.vc_custom_1540480251740{padding-right: 15px !important;padding-left: 15px !important;}&#8221;][vc_column css=&#8221;.vc_custom_1540476947929{padding-right: 0px !important;padding-left: 0px !important;}&#8221; offset=&#8221;vc_col-lg-4 vc_col-md-12&#8243;][vc_single_image image=&#8221;4081&#8243; img_size=&#8221;full&#8221;][\/vc_column][vc_column css=&#8221;.vc_custom_1540476961235{border-top-width: 1px !important;border-right-width: 1px !important;border-bottom-width: 1px !important;border-left-width: 1px !important;padding-right: 0px !important;padding-left: 0px !important;border-left-color: #c19d56 !important;border-left-style: solid !important;border-right-color: #c19d56 !important;border-right-style: solid !important;border-top-color: #c19d56 !important;border-top-style: solid !important;border-bottom-color: #c19d56 !important;border-bottom-style: solid !important;}&#8221; offset=&#8221;vc_col-lg-4 vc_col-md-12&#8243;]<div class=\"mkdf-elements-holder   mkdf-one-column  mkdf-responsive-mode-768 \" ><div class=\"mkdf-eh-item    \"  data-item-class=\"mkdf-eh-custom-1969\" data-1367-1600=\"0 0 48px 0\" data-1025-1366=\"0 0px 45px 0\" data-769-1024=\"279px 97px 319px\" data-681-768=\"160px 97px 200px\" data-680=\"108px 10px 150px\">\n\t<div class=\"mkdf-eh-item-inner\">\n\t\t<div class=\"mkdf-eh-item-content mkdf-eh-custom-1969\" style=\"padding: 0 13% 48px\">\n\t\t\t<div class=\"mkdf-section-title-holder  mkdf-st-standard mkdf-st-title-left mkdf-st-normal-space \" >\n\t<div class=\"mkdf-st-inner\">\n        \t\t\t\t\t<h3 class=\"mkdf-st-title\" style=\"color: #000000\">\n\t\t\t\tBiz Kimiz!\t\t\t<\/h3>\n\t\t                    <div class=\"mkdf-separator-holder clearfix  mkdf-separator-center mkdf-separator-advanced-center mkdf-separator-advanced\">\n\t<div class=\"mkdf-separator\" >\n                    <div class=\"mkdf-adv-sep-inner\">\n                <div class=\"mkdf-adv-sep-line\"  ><\/div>\n                <div class=\"mkdf-adv-sep-dot\"  ><\/div>\n            <\/div>\n            <\/div>\n<\/div>\n        \t\t\t\t\t<h6 class=\"mkdf-st-text\" >\n\t\t\t\t\u015e\u0131k detaylar\u0131n \u00f6n plana \u00e7\u0131kt\u0131\u011f\u0131 s\u0131cak bir atmosfere sahip. Sofistike ama duygulu ve \u00f6zenilerek dekore edilmi\u015f i\u00e7 mekanlar\u0131n yan\u0131 s\u0131ra yaz k\u0131\u015f bah\u00e7esi ba\u011f\u0131ml\u0131l\u0131k yaratan bir keyif ser\u00fcvenine davetiye \u00e7\u0131kar\u0131yor. Rahat kanepe ve koltuklar\u0131yla bu \u0131\u015f\u0131lt\u0131l\u0131 mekan keyif hissini doyas\u0131ya tatt\u0131r\u0131yor.\n\u0130ster e\u011flenmek, ister sohbet, ister huzur i\u00e7inde dinlenmek\u2026 Amac\u0131n\u0131z ne olursa olsun Arigato Cafe yan\u0131n\u0131zda yolunuzun \u00fcst\u00fcnde, dostlarla bulu\u015ftu\u011funuz k\u00f6\u015fede sizleri bekliyor.\t\t\t<\/h6>\n\t\t\t<\/div>\n<\/div>[vc_empty_space height=&#8221;25px&#8221;]<a itemprop=\"url\" href=\"https:\/\/cafearigato.com\/index.php\/about-us\/\" target=\"_self\"  class=\"mkdf-btn mkdf-btn-medium mkdf-btn-simple mkdf-btn-with-additional-outline\"  >\n    <span class=\"mkdf-btn-text\">Ke\u015ffet!<\/span>\n    <\/a>\t\t<\/div>\n\t<\/div>\n<\/div><\/div>[\/vc_column][vc_column css=&#8221;.vc_custom_1540476970507{padding-right: 0px !important;padding-left: 0px !important;}&#8221; offset=&#8221;vc_col-lg-4 vc_col-md-12&#8243;][vc_single_image image=&#8221;4065&#8243; img_size=&#8221;full&#8221;][\/vc_column][\/vc_row][vc_row gap=&#8221;30&#8243; equal_height=&#8221;yes&#8221; content_placement=&#8221;middle&#8221; content_text_aligment=&#8221;center&#8221; css=&#8221;.vc_custom_1540557122865{padding-right: 15px !important;padding-left: 15px !important;}&#8221;][vc_column offset=&#8221;vc_col-lg-4 vc_col-md-12&#8243; css=&#8221;.vc_custom_1540480334046{border-top-width: 1px !important;border-right-width: 1px !important;border-bottom-width: 1px !important;border-left-width: 1px !important;border-left-color: #c19d56 !important;border-left-style: solid !important;border-right-color: #c19d56 !important;border-right-style: solid !important;border-top-color: #c19d56 !important;border-top-style: solid !important;border-bottom-color: #c19d56 !important;border-bottom-style: solid !important;}&#8221;]<div class=\"mkdf-elements-holder   mkdf-one-column  mkdf-responsive-mode-768 \" ><div class=\"mkdf-eh-item    \"  data-item-class=\"mkdf-eh-custom-8540\" data-1367-1600=\"0 0 40px 0\" data-1025-1366=\"0 0 45px\" data-769-1024=\"300px 0 300px 0\" data-681-768=\"160px 97px 200px\" data-680=\"108px 10px 150px\">\n\t<div class=\"mkdf-eh-item-inner\">\n\t\t<div class=\"mkdf-eh-item-content mkdf-eh-custom-8540\" style=\"padding: 0px 0px 41px\">\n\t\t\t<div class=\"mkdf-section-title-holder  mkdf-st-standard mkdf-st-title-left mkdf-st-normal-space \" style=\"padding: 0 8%\">\n\t<div class=\"mkdf-st-inner\">\n        \t\t\t\t\t<h3 class=\"mkdf-st-title\" style=\"color: #000000\">\n\t\t\t\t\u0130leti\u015fim\t\t\t<\/h3>\n\t\t                    <div class=\"mkdf-separator-holder clearfix  mkdf-separator-center mkdf-separator-advanced-center mkdf-separator-advanced\">\n\t<div class=\"mkdf-separator\" >\n                    <div class=\"mkdf-adv-sep-inner\">\n                <div class=\"mkdf-adv-sep-line\"  ><\/div>\n                <div class=\"mkdf-adv-sep-dot\"  ><\/div>\n            <\/div>\n            <\/div>\n<\/div>\n        \t\t\t<\/div>\n<\/div>[vc_column_text]<a href=\"https:\/\/goo.gl\/maps\/jZq5MhH8KeePgXfn7\" target=\"_blank\" rel=\"noopener\">Prof. Dr. Hulusi Beh\u00e7et cad. No:14 Caddebostan mah. Kad\u0131k\u00f6y\/ \u0130stanbul<\/a><br \/>\nE-mail: <a href=\"mailto:info@cafeaigato.com\">info@cafearigato.com<\/a>[\/vc_column_text][vc_empty_space height=&#8221;25px&#8221;]<a itemprop=\"url\" href=\"https:\/\/goo.gl\/maps\/jZq5MhH8KeePgXfn7\" target=\"_blank\" style=\"color: #c19d56\" class=\"mkdf-btn mkdf-btn-medium mkdf-btn-simple mkdf-btn-with-additional-outline\"  >\n    <span class=\"mkdf-btn-text\">Haritadan Bak<\/span>\n    <\/a>\t\t<\/div>\n\t<\/div>\n<\/div><\/div>[\/vc_column][vc_column css=&#8221;.vc_custom_1540477142282{padding-right: 0px !important;padding-left: 0px !important;}&#8221; offset=&#8221;vc_col-lg-4 vc_col-md-12&#8243;][vc_single_image image=&#8221;4067&#8243; img_size=&#8221;full&#8221;][\/vc_column][vc_column css=&#8221;.vc_custom_1540480612220{border-top-width: 1px !important;border-right-width: 1px !important;border-bottom-width: 1px !important;border-left-width: 1px !important;padding-right: 0px !important;padding-bottom: 1px !important;padding-left: 0px !important;border-left-color: #c19d56 !important;border-left-style: solid !important;border-right-color: #c19d56 !important;border-right-style: solid !important;border-top-color: #c19d56 !important;border-top-style: solid !important;border-bottom-color: #c19d56 !important;border-bottom-style: solid !important;}&#8221; offset=&#8221;vc_col-lg-4 vc_col-md-12&#8243;]<div class=\"mkdf-elements-holder   mkdf-one-column  mkdf-responsive-mode-768 \" ><div class=\"mkdf-eh-item    \"  data-item-class=\"mkdf-eh-custom-1000\" data-1367-1600=\"0px 0 75px\" data-1025-1366=\"0 0 77px\" data-769-1024=\"300px 0px 300px\" data-681-768=\"130px 97px 200px\" data-680=\"108px 10px 150px\">\n\t<div class=\"mkdf-eh-item-inner\">\n\t\t<div class=\"mkdf-eh-item-content mkdf-eh-custom-1000\" style=\"padding: 0px 0px 77px 0px\">\n\t\t\t<h2 class=\"mkdf-custom-font-holder  mkdf-cf-4834  \" style=\"font-family: Great Vibes;font-size: 60px;line-height: 50px;font-weight: 400;letter-spacing: 0px;text-transform: none;color: #c19d56\" data-item-class=\"mkdf-cf-4834\">\n\tDamak tad\u0131n\u0131 k\u0131\u015fk\u0131rtan<br \/> se\u00e7kin men\u00fcs\u00fc<br \/> ve en \u00f6zel mutfaklar\u0131n leziz \u00f6rneklerini sizlere sunuyor.<\/h2>[vc_empty_space height=&#8221;29px&#8221;]<a itemprop=\"url\" href=\"https:\/\/cafearigato.com\/index.php\/about-us\/\" target=\"_self\" style=\"color: #c19d56\" class=\"mkdf-btn mkdf-btn-medium mkdf-btn-simple mkdf-btn-with-additional-outline\"  >\n    <span class=\"mkdf-btn-text\">Detayl\u0131 Bilgi<\/span>\n    <\/a>\t\t<\/div>\n\t<\/div>\n<\/div><\/div>[\/vc_column][\/vc_row][vc_row row_content_width=&#8221;grid&#8221; content_text_aligment=&#8221;center&#8221; css=&#8221;.vc_custom_1541579538714{padding-top: 131px !important;}&#8221;][vc_column]<div class=\"mkdf-section-title-holder  mkdf-st-standard mkdf-st-title-left mkdf-st-normal-space \" >\n\t<div class=\"mkdf-st-inner\">\n                    <p class=\"mkdf-st-intro-text\"  > Kahveye bekleriz... <\/p>\n        \t\t\t\t\t<h2 class=\"mkdf-st-title\" >\n\t\t\t\tKahve Bizim Hayat\u0131m\u0131z\t\t\t<\/h2>\n\t\t                    <div class=\"mkdf-separator-holder clearfix  mkdf-separator-center mkdf-separator-advanced-center mkdf-separator-advanced\">\n\t<div class=\"mkdf-separator\" >\n                    <div class=\"mkdf-adv-sep-inner\">\n                <div class=\"mkdf-adv-sep-line\"  ><\/div>\n                <div class=\"mkdf-adv-sep-dot\"  ><\/div>\n            <\/div>\n            <\/div>\n<\/div>\n        \t\t\t<\/div>\n<\/div>[vc_empty_space][\/vc_column][\/vc_row][vc_row row_content_width=&#8221;grid&#8221;][vc_column offset=&#8221;vc_col-lg-6 vc_col-md-12&#8243;][vc_column_text]\n<span class=\"mkdf-dropcaps mkdf-normal\" style=\"color: #c19d56\">\n\tA<\/span>rigato cafe\u2019de donan\u0131ml\u0131, pratik ve \u015f\u0131k tasar\u0131ml\u0131 espresso makinesi kullan\u0131yoruz. Espresso bazl\u0131 kahve makinemize ek olarak filtre kahve makinelerimiz de mevcut.<\/p>\n<p>Taze kavrulmu\u015f nitelikli kahveyi demlemeden \u00f6nce yine taze olarak \u00f6\u011f\u00fct\u00fcyor, tecr\u00fcbeli ve e\u011fitimli baristalar\u0131m\u0131z; i\u015fini canla ba\u015fla ve g\u00fcler y\u00fczle yapan servis personelimiz sayesinde onu size en do\u011fru \u015fekilde sunmak i\u00e7in \u00e7aba sarf ediyoruz.[\/vc_column_text][vc_empty_space height=&#8221;50px&#8221;][\/vc_column][vc_column offset=&#8221;vc_col-lg-6 vc_col-md-12&#8243;][vc_column_text]<strong>\u0130yi kahveye ula\u015fmak i\u00e7in gerekli olan;<\/strong><br \/>\n\u2022 Nitelikli kahve \u00e7erkide\u011fi<br \/>\n\u2022 \u00d6zenli kavurum<br \/>\n\u2022 Kaliteli kahve makinesi, barista ekipman ve aksesuarlar\u0131<br \/>\n\u2022 G\u00fcler y\u00fczl\u00fc hizmet anlay\u0131\u015f\u0131 ile \u00e7al\u0131\u015fan servis eleman\u0131<br \/>\n\u2022 Kahve tutkusu parametrelerini sa\u011flayarak sizlere en iyi \u015fekilde hizmet etmeyi hedefliyoruz.[\/vc_column_text][vc_empty_space height=&#8221;50px&#8221;][\/vc_column][\/vc_row][vc_row][vc_column][vc_empty_space][vc_single_image image=&#8221;718&#8243; img_size=&#8221;full&#8221; alignment=&#8221;center&#8221;][vc_empty_space][\/vc_column][\/vc_row][vc_row][vc_column][vc_empty_space][vc_single_image image=&#8221;4083&#8243; img_size=&#8221;full&#8221;][vc_empty_space][\/vc_column][\/vc_row]<\/p>\n","protected":false},"excerpt":{"rendered":"<p>[vc_row css=&#8221;.vc_custom_1540814392692{padding-top: 25px !important;padding-bottom: 35px !important;}&#8221;][vc_column][rev_slider_vc alias=&#8221;cake-store&#8221; enable_paspartu=&#8221;no&#8221;][\/vc_column][\/vc_row][vc_row gap=&#8221;30&#8243; equal_height=&#8221;yes&#8221; content_placement=&#8221;middle&#8221; content_text_aligment=&#8221;center&#8221; css=&#8221;.vc_custom_1540480251740{padding-right: 15px !important;padding-left: 15px !important;}&#8221;][vc_column css=&#8221;.vc_custom_1540476947929{padding-right: 0px !important;padding-left: 0px !important;}&#8221; offset=&#8221;vc_col-lg-4 vc_col-md-12&#8243;][vc_single_image image=&#8221;4081&#8243; img_size=&#8221;full&#8221;][\/vc_column][vc_column css=&#8221;.vc_custom_1540476961235{border-top-width: 1px !important;border-right-width: 1px !important;border-bottom-width: 1px !important;border-left-width: 1px !important;padding-right: 0px !important;padding-left: 0px !important;border-left-color: #c19d56 [&hellip;]<\/p>\n","protected":false},"author":1,"featured_media":0,"parent":0,"menu_order":0,"comment_status":"closed","ping_status":"closed","template":"full-width.php","meta":{"footnotes":""},"class_list":["post-762","page","type-page","status-publish","hentry"],"_links":{"self":[{"href":"https:\/\/cafearigato.com\/index.php\/wp-json\/wp\/v2\/pages\/762","targetHints":{"allow":["GET"]}}],"collection":[{"href":"https:\/\/cafearigato.com\/index.php\/wp-json\/wp\/v2\/pages"}],"about":[{"href":"https:\/\/cafearigato.com\/index.php\/wp-json\/wp\/v2\/types\/page"}],"author":[{"embeddable":true,"href":"https:\/\/cafearigato.com\/index.php\/wp-json\/wp\/v2\/users\/1"}],"replies":[{"embeddable":true,"href":"https:\/\/cafearigato.com\/index.php\/wp-json\/wp\/v2\/comments?post=762"}],"version-history":[{"count":20,"href":"https:\/\/cafearigato.com\/index.php\/wp-json\/wp\/v2\/pages\/762\/revisions"}],"predecessor-version":[{"id":4233,"href":"https:\/\/cafearigato.com\/index.php\/wp-json\/wp\/v2\/pages\/762\/revisions\/4233"}],"wp:attachment":[{"href":"https:\/\/cafearigato.com\/index.php\/wp-json\/wp\/v2\/media?parent=762"}],"curies":[{"name":"wp","href":"https:\/\/api.w.org\/{rel}","templated":true}]}}